se -9*q = -8*q + 2*k - 174, 3*q - 3*k = 522. Let v = q + -170. What is the highest common factor of v and 4?
4
Suppose 45*s + 391 - 3856 = 0. Let z = -23 - -111. Calculate the highest common divisor of s and z.
11
Let r = 8 + 376. Calculate the greatest common divisor of r and 224.
32
Let v(d) = -d**3 + 13*d**2 - 25*d + 129. Let m be v(8). Calculate the highest common factor of 1909 and m.
83
Let i be ((-104)/(-10))/(15/(-25) + 1). Let l be (1 + 11)/1*(-520)/(-15). What is the highest common factor of l and i?
26
Suppose -25*k = -60*k - 46*k + 1215. Let y = -3 + 0. Let h be (-4)/(-2 + (-4)/y). What is the greatest common factor of k and h?
3
Let n = 4127 + -4043. What is the highest common divisor of n and 903?
21
Let h(a) = -320*a + 2180. Let w be h(4). What is the greatest common divisor of 585 and w?
45
Let k = 3064 + 6305. Calculate the greatest common divisor of k and 54.
27
Suppose 3*b = 32 + 22. Suppose -d - j = -81, 5*d = 4*d + 4*j + 71. Suppose -d*t + 81*t = 12. What is the highest common factor of t and b?
6
Let z(h) = -h + 209. Let g be z(0). Suppose 0 = -130*v + 121*v. Suppose -7*a + 133 = -v*a. What is the greatest common divisor of g and a?
19
Let g(p) = 7*p**3 - 7*p**2 + 9*p. Let w be g(4). Calculate the greatest common divisor of w and 156.
12
Suppose 4*k + 2480 + 216 = 5*h, 5*k = -3*h - 3370. Let n = -449 - k. Calculate the greatest common divisor of 90 and n.
45
Let a = 23255 + -23150. What is the highest common divisor of a and 1315?
5
Let y(l) = -3*l**2 - 39*l + 9. Let c be y(-7). Calculate the greatest common divisor of 1107 and c.
27
Suppose -2*m = 10*q - 5*q, 0 = -5*q - 5*m - 15. Let s be 6/q + -9 + 666/9. What is the greatest common divisor of s and 68?
68
Let o = -27 - -35. Suppose -265 = -5*q + 4*n, -o = q + n - 52. Calculate the highest common divisor of q and 14.
7
Let z be (1024/112 + -8)*322. Calculate the highest common divisor of 782 and z.
46
Let d(i) be the second derivative of i**3/6 - 21*i**2/2 + i - 37. Let g be d(32). Calculate the greatest common factor of 132 and g.
11
Suppose -7*n + 1704 - 395 = 0. Let b = n - 145. Let r be (-170)/(-8) - 1/4. What is the greatest common divisor of r and b?
21
Let n be 268/(-670) + (-38724)/(-10). Calculate the greatest common factor of 1584 and n.
176
Let q(f) = -3*f**2 + 23. Let t be q(0). Suppose 5*l = t*l - 4032. Calculate the highest common divisor of 32 and l.
32
Let g = -36402 - -36633. What is the greatest common factor of 70 and g?
7
Let x be ((-3168)/(-1232))/(2/168). What is the greatest common factor of x and 28?
4
Let x(q) = -q**3 - 2*q**2 - 3*q. Let p be x(-5). Let v(s) = 2*s + 6. Let l be v(5). Suppose l*k + p = 21*k. What is the greatest common factor of 6 and k?
6
Let z be 1988/36 - (-4)/(-18). Suppose -m + z = -81. Let v(t) = t**2 - 46*t + 465. Let p be v(32). Calculate the highest common divisor of m and p.
17
Let z = -47 + 131. Let r be (3 - (-5 + 1)/(-1))*-60. What is the highest common factor of r and z?
12
Let l(z) = -66*z + 1098. Let c be l(16). Calculate the highest common factor of c and 708.
6
Suppose -2*g = -0*g, 2*g + 52965 = 5*s - 0*g. Calculate the greatest common factor of 99 and s.
99
Let v be 1650*((-1)/4 + 87/116). What is the greatest common factor of 45 and v?
15
Suppose 3*r = 7*r - 572. Let c = 843 + -815. Let s = -15 + c. What is the highest common factor of r and s?
13
Let s(a) = -15*a**3 + 11*a**2 + 2 + 9 - 3*a**2 + 12*a + 14*a**3. Let i be s(7). What is the highest common factor of i and 18?
18
Suppose 5*h - 105 = 5*a, a - 2*a = -2*h + 44. Let b = -13 + h. Let n be (6/(-8))/(b/(-440)). What is the greatest common factor of n and 33?
33
Let a = 198 + 113. Let k = a - 309. Calculate the greatest common divisor of k and 9.
1
Let o(z) = -2*z**3 + 2*z**2 - 14*z + 490. Let g be o(0). Calculate the highest common divisor of 160 and g.
10
Suppose 4*y - 1616 = 4*n, 20*y - 22*y + 790 = n. What is the greatest common divisor of y and 1791?
199
Suppose 146370 = -1342*m + 1372*m. Calculate the highest common factor of m and 7.
7
Suppose 224*i - 216*i = 10680. What is the greatest common divisor of i and 45?
15
Suppose 4*n - 15 = -n, 3*k - 993 = -n. Let l(i) = 2*i + 37. Let f be l(4). Let u be -1 - (k/f)/(2/(-33)). Calculate the greatest common factor of 48 and u.
24
Suppose -f = 3*f + 4*z + 32, -3*f - 5*z - 30 = 0. Let q = 10 + f. Let c be ((-8)/3 - 4)*-3. Calculate the greatest common factor of q and c.
5
Let z(b) = 72*b - 388. Let n be z(10). What is the greatest common divisor of n and 1411?
83
Suppose 266*p - 262*p = -124. Let t(x) = 3*x + 141. Let o be t(p). Calculate the greatest common factor of 264 and o.
24
Suppose 108 = 4*f + 32*l, -2*f + 17*l - 18*l + 189 = 0. What is the highest common factor of 9669 and f?
33
Let o be (5 + -6 + 5)*(1 - -1). Suppose -2*w = -o, 9*l - 1023 = 4*l + 3*w. What is the greatest common factor of l and 23?
23
Let p(n) = 7*n - 38. Let u be p(13). Suppose 43 + u = 4*q. Suppose -b + 10 = -m, -3*b + 4*m = -b - 24. Calculate the highest common factor of b and q.
8
Let r be 16768 - (13 - (13 - -23)/6). Calculate the greatest common factor of r and 111.
111
Let u be (1 - 0) + (16 - 13). Suppose -236 = u*j - 20. Let z be (-1035)/j - (-1)/(-6). Calculate the highest common divisor of z and 133.
19
Let n = 46 - 42. Suppose -2*g + 0 + 8 = -2*a, -n = 3*g + 5*a. Suppose -57 = -g*l + 3*q, 5*q - 26 = -l - 4. What is the highest common factor of l and 27?
27
Suppose -26856 = -4*g + 269*n - 272*n, -2*g = -2*n - 13400. What is the highest common divisor of g and 117?
39
Suppose 0 = -29*r + 31*r - 4. Suppose -3*i + 89 = 4*p, -r*p = -3*p - 1. Calculate the greatest common factor of i and 341.
31
Let i(j) = -j**3 + 13*j**2 - 12*j + 9. Suppose 0 = 3*d - 126 + 96. Let p be i(d). What is the highest common divisor of p and 7?
7
Let u = 540 - 360. Let d = u + -43. Let b = 174 - d. What is the greatest common divisor of 333 and b?
37
Let l = -6250 + 6762. What is the greatest common divisor of 352 and l?
32
Let k(v) = 29*v + 1. Let s be k(1). Suppose -s = -t + y, t + t - y = 55. Let c = 59 - t. Calculate the greatest common factor of c and 51.
17
Let b(y) = y**2 + 2*y - 6. Let n be b(-5). Let j be (-228)/30 - (-4)/(-10). Let p be n/36 - (474/j)/3. Calculate the highest common divisor of p and 8.
4
Suppose 890581 + 131081 = 141*y - 891144. Calculate the highest common factor of y and 456.
114
Let v = -172 + 206. Suppose v - 4 = 3*l + 4*r, 3*l - 30 = 2*r. Suppose 0 = 4*y - 2*y - 60. What is the greatest common factor of l and y?
10
Let u be (10/(-8))/((-6)/48). Let s be (-108)/10*u/(-3). Suppose s = h - 3*w, -3*h - 2*w + 115 = -4. What is the highest common divisor of h and 13?
13
Let z(i) = -i**3 - 3*i**2 - 9*i - 1. Let l be z(-2). Suppose 83 + 112 = l*u. Calculate the greatest common divisor of u and 10.
5
Suppose o = 8 + 40. Suppose 0 = -4*x + 223 - 183. Suppose 12 = -0*d + d - 4*g, -5*g = x. What is the highest common factor of o and d?
4
Let i(a) = -32*a - 1965. Let y be i(-66). What is the greatest common factor of y and 91?
7
Let p = -22554 + 22686. Calculate the highest common divisor of p and 7194.
66
Suppose -11*w = -10*w - 2. Suppose -7*i + 990 = -w*i. Let b be ((-2)/(-6))/(3/i). What is the greatest common factor of b and 2?
2
Let c = 251 + -226. Let h be (1 + -236)*(165/c + -7). Calculate the highest common divisor of 2 and h.
2
Let v be (-3 + (-96)/(-18))/((-5)/(-15)). What is the highest common factor of v and 2401?
7
Let q = -1711 - -3894. What is the greatest common divisor of q and 177?
59
Let l = 176 + 121. Let z(n) = 3*n - 9. Let g be z(14). Calculate the highest common factor of l and g.
33
Suppose 0*q - 4*q = -384. Let a be 32/6*(-7812)/(-3472). What is the highest common divisor of q and a?
12
Let z be (-2 - (-2 + (-1 - -1))) + 62. Let i = -45 + -11. Let y = z + i. Calculate the highest common factor of 42 and y.
6
Let x(s) = 3*s**2. Let w be x(1). Suppose -5*t = -3*r - 317, -w*t = -4*t - r + 65. Suppose -t + 4 = -3*y. Calculate the greatest common factor of y and 12.
4
Let n(q) = -6*q - 118. Let a be n(-20). Suppose 3*m - 21 = 39. Suppose 0 = -5*y - m, 5*v - a = 3*v - 3*y. Calculate the greatest common factor of 28 and v.
7
Suppose 9 = 3*c + 3. Suppose 41 = j + 37. What is the highest common factor of c a